9*v. Suppose 5*k - 62 = 8. What is the remainder when v is divided by k?
11
Suppose 0 = 5*u + 39 - 4. Suppose -5*z + 66 = -4*w, 5*z + 18 = -2*w - 0. What is the remainder when 4/w + (-100)/u is divided by 8?
6
Let b(q) = q**2 - 1. Calculate the remainder when b(-5) is divided by ((-3)/1)/((-2)/6).
6
Calculate the remainder when 162 is divided by 195/(-26)*(-22)/3.
52
Let u be 2/(-3) - (-23)/3. Let v(b) be the third derivative of b**4/12 - b**3/6 + 3*b**2. What is the remainder when 24 is divided by v(u)?
11
Let d(f) = -8*f - 16. Calculate the remainder when d(-8) is divided by 10.
8
Let y(t) = -t - 4. Let g be y(-4). Suppose -5*i - 14 - 6 = g. Calculate the remainder when (-333)/(-36) + (-3)/i is divided by 6.
4
Let u(k) = 16*k - 14. Calculate the remainder when u(6) is divided by 21.
19
Suppose -3*d - 11 = -s, -5*s + 0*d - 2*d = -38. What is the remainder when s is divided by 6?
2
Suppose -18*c + 53 + 91 = 0. Calculate the remainder when 13 is divided by c.
5
Suppose -x + 2*m = 2*x - 385, 0 = 3*x - 4*m - 377. Calculate the remainder when x is divided by 12.
11
Suppose 2*r = 3*r - 5. Suppose -r*b + b + 56 = -4*y, y - 81 = -4*b. Let u(l) = -2*l + 2. Calculate the remainder when b is divided by u(-4).
9
Let d(x) = 7*x**2 - 2*x. What is the remainder when 125 is divided by d(-2)?
29
Suppose 10*n - 67 + 27 = 0. Let l(b) = b**3 + 6*b**2 - 3*b + 6. Let f be l(-6). Calculate the remainder when 18 is divided by (15/9)/(n/f).
8
Let a = -4 + 9. Suppose 0*n - 4*n + 5*z = 10, 4 = n + 2*z. Suppose a*c - 31 - 34 = n. What is the remainder when c is divided by 5?
3
Let p = 41 + -13. Calculate the remainder when 83 is divided by p.
27
Suppose -a = -1 - 3. Suppose -u - 3*u = 0. Let k = a + u. What is the remainder when 10 is divided by k?
2
Let u(x) = 45*x. Suppose 2*k + 2*k - 5*j = 69, 3*j - 13 = -k. Suppose 3*t = -t - 4*w + 56, 0 = -t - 2*w + k. What is the remainder when u(1) is divided by t?
9
Let p = 9 - 3. Let g(z) = 4*z - 4*z - p*z + 9*z**2 + 2 - 8 - z**3. Calculate the remainder when 19 is divided by g(8).
9
Suppose -14 = -3*l + 2*l. Let o be (8/(-10))/((-16)/40). Calculate the remainder when -15*o*(-4)/3 is divided by l.
12
Let z(g) = 5*g**2 - 2*g + 1. Suppose 0 = -3*x - x - 8. What is the remainder when z(x) is divided by 13?
12
Let r(a) = 105*a**2. Let i be r(1). Suppose 0 = 4*p - 3 - i. Calculate the remainder when p is divided by 10.
7
Let g(q) = -5*q + 2*q + 0*q - 3 + 0*q. Let x be g(-5). Suppose 3*v = 2*j + 16, -6*j + x = -v - j. Calculate the remainder when 21 is divided by v.
5
Let r = 86 + -69. Calculate the remainder when 49 is divided by r.
15
Let u(p) = -p**3 - 3*p**2 + p + 2. Let a be u(-3). Calculate the remainder when 53 is divided by -1 + 4 - a*15.
17
Suppose 5*t - 40 + 10 = 0. What is the remainder when 17 is divided by t?
5
Let h be (6/4)/(4/8). Suppose 2*q = 5*q - h, -3*q = 4*f - 31. What is the remainder when f is divided by 4?
3
Let t(r) = 5*r**2 + 4 + 2 - r**3 - 7*r - 2. Let u be t(4). What is the remainder when 70/(-8)*(4 + u) is divided by 12?
11
Let u(y) = -y - 4. Let l be u(-3). Let c = l + 2. Suppose -2*m = -0*m - 3*b + 7, 3*m - 2*b = -3. What is the remainder when c is divided by m?
0
Suppose 51 + 27 = 3*s. Calculate the remainder when s is divided by 14.
12
Suppose x - 3*x = -2*i + 304, x - 598 = -4*i. Suppose i = 2*j + 3*j. Suppose -14 = -p + 2*w, 3*p + 83 = 8*p + 3*w. What is the remainder when j is divided by p?
14
Suppose 3*a = -0*a + 27. Suppose r = -x + 5*r + 2, -x + 20 = 2*r. Suppose 0 = x*g - 17*g + 51. What is the remainder when g is divided by a?
8
Let a(l) be the first derivative of -2*l**2 - 3*l**2 + 2 - 2*l + 2*l**2. Calculate the remainder when a(-2) is divided by 6.
4
Suppose 3*j - 4*b + 13 = 0, 0*j - 2*b + 11 = 3*j. Calculate the remainder when 2 is divided by j.
0
Let q(n) = 10*n - 13. Calculate the remainder when 24 is divided by q(2).
3
Suppose 4*n - 22 = -j, -4*n + j - 3*j + 20 = 0. Let o(x) = 2*x**2 - x - 4. Suppose 0 = 2*m + m + 9. Calculate the remainder when o(m) is divided by n.
5
Suppose 3*v + k - 124 = 0, -2*k = -v + 6*v - 206. Suppose -v = 2*o + 4. Calculate the remainder when 67 is divided by o/(2 - (5 + -2)).
21
What is the remainder when 142/(-4)*(0 + -1 - 1) is divided by 19?
14
Let g = 51 + -23. Suppose -5*f + f + 55 = 5*y, y - 2*f = 25. Calculate the remainder when g is divided by y.
13
Let j = -35 - -53. What is the remainder when 35 is divided by j?
17
Let o(g) = -61*g - 3. Let b be o(-3). Let w be 72/10*70/(-4). Let k = w + b. Calculate the remainder when k is divided by 14.
12
Suppose 0 = i - 4*i - 15. Calculate the remainder when 7 is divided by (i/6)/(6/(-36)).
2
Suppose -24 = -4*j - 5*s + 50, -s - 86 = -4*j. Calculate the remainder when 40 is divided by j.
19
Let m(u) = 17*u**2 + u - 2. Let s be m(-2). Suppose -v - 25 - 8 = 0. Let l = v + s. What is the remainder when l is divided by 11?
9
Let c(s) be the second derivative of -s**5/20 - s**4/3 - s**3 - 3*s. Calculate the remainder when c(-4) is divided by 13.
11
Let k = 15 - 11. Suppose 4*g + 3*h - k = 3*g, 5*h - 51 = -4*g. Calculate the remainder when 1524/42 + 2/(-7) is divided by g.
17
Let l = -1 + -1. Let v be 16/(-9) + l/9. Calculate the remainder when 16 is divided by (8 - v - 2) + 1.
7
Let c be 626/(-8) + 3/12. Let g be c/(-4) - 2/(-4). Let x = -8 + g. Calculate the remainder when 35 is divided by x.
11
Let p(l) = -l + 15. Let y = -24 - -49. What is the remainder when y is divided by p(6)?
7
What is the remainder when 98 is divided by (4/8)/(-3*(-1)/204)?
30
Let a(m) = m + 5. Let z(n) = n - 1. Let v be (0 + 1)/(1 - 0). Let y(w) = v*a(w) + z(w). Calculate the remainder when 23 is divided by y(4).
11
Let y = 126 - 82. What is the remainder when 262 is divided by y?
42
Suppose -524*d + 135 = -521*d. What is the remainder when d is divided by 14?
3
Let s = 226 + -161. Calculate the remainder when s is divided by 24.
17
Suppose 108 = o + 3*o + 2*u, -78 = -2*o + 5*u. What is the remainder when o is divided by 2/(-8) - 520/(-32)?
13
Let o(n) = -n**3 + 6*n**2 + 10*n - 8. Calculate the remainder when 24 is divided by o(7).
11
Let p(h) = 2*h - 7. Let m be p(8). Suppose 0 = 2*z - 3*z + m. What is the remainder when 7 is divided by (1 - 6/z)*12?
3
Let j be (-2)/(-1)*9/9. Suppose j*i = -3*i + 70. What is the remainder when i is divided by 8?
6
Suppose 2*q + 854 = 4*c, 0 = 2*c - 2*q - 308 - 120. Calculate the remainder when c is divided by 54.
51
Let m(h) = 2*h**2 + 2*h - 1 - 2 - 2 + 3. Let d be m(3). Suppose -5*f + 97 = 5*s + d, -3 = -f. Calculate the remainder when 22 is divided by s.
10
Let d be (4 - 7)*(-4)/3. Suppose -w - d*w + 110 = 0. Calculate the remainder when w is divided by 8.
6
Let g(n) be the second derivative of 1/6*n**3 + 9*n**2 - 4*n + 0. Calculate the remainder when g(-8) is divided by 6.
4
Suppose 2*p - 95 = -3*p. Suppose -4*i + 44 = 8. Calculate the remainder when p is divided by 1*(i + (-3)/(-3)).
9
Calculate the remainder when 52 is divided by (-124)/(-4) + -7 + 3.
25
Let n(i) = -i**3 - 4*i**2 - 5*i - 4. Let a be n(-3). What is the remainder when 8 is divided by (12 + -17)*a/(-2)?
3
Suppose 0*s + 4*q + 28 = 4*s, 3*q + 3 = 0. Calculate the remainder when 27 is divided by s.
3
Let n(q) = q**2 + 6*q - 6. Let m be n(-7). Suppose -2 = o - 3, f = 5*o - m. Let i = 7 - f. Calculate the remainder when i is divided by 1.
0
Suppose 80 = 5*d - 3*t, -d + 0*d + 16 = -4*t. Suppose -3 = -c - 3*g, -3*c - 5*g = -0*c - 9. What is the remainder when d is divided by c?
1
Let r = 50 - 21. Calculate the remainder when r is divided by (-1)/(-2 - 11/(-6)).
5
Suppose 12*b = -410 + 1418. Calculate the remainder when b is divided by 22.
18
Let k = 29 - 57. What is the remainder when (k/3)/(1/(-3)) is divided by 10?
8
Let c = 5 - 7. Let x = -1 - -3. What is the remainder when 324/78 + c/13 is divided by x?
0
Let v(l) = 3*l**2 - l - 8. What is the remainder when v(4) is divided by 10?
6
Suppose 4*f = -4 + 12. Let x(v) = -v**2 - 3*v + 1. Suppose -4*u - 3 = 5. Calculate the remainder when x(u) is divided by f.
1
Suppose 4*g - 16 = 4*p, 5*p = g - 6*g + 30. Let r(k) = k**3 + 5*k**2 - 2*k - 3. Calculate the remainder when r(-5) is divided by g.
2
Suppose -3*i + 69 + 39 = 0. Let w = i + -23. What is the remainder when 37 is divided by w?
11
Let s =